ppose -k*j = -5*j - 132. What are the prime factors of j?
2, 11
Let w(y) = 3*y. Let s be w(1). Suppose 2*j - 466 = -s*z + 196, -z = 2*j - 218. List the prime factors of z.
2, 3, 37
Suppose f + 0*g - 4*g - 23798 = 0, 0 = -5*f - 4*g + 118942. List the prime factors of f.
2, 3, 5, 13, 61
Suppose -9*x - 3283 = -15514 - 24327. What are the prime factors of x?
2, 3, 677
Suppose 5*n - 2*m - 31 = 0, 3*n + 7 = 2*n - 4*m. Suppose -17*o - 15*o - 224 = -34*o. Suppose -6*d + d = -3*j + 376, n*d = j - o. List the prime factors of j.
2, 3, 11
Let t(n) = -121*n**2 + 5*n - 25. Let a(j) = 364*j**2 - 16*j + 74. Let z(m) = 3*a(m) + 8*t(m). What are the prime factors of z(3)?
2, 557
Suppose 73*f - 1667010 = -108*f. List the prime factors of f.
2, 3, 5, 307
Let v(y) = 51*y + 126. Let g be v(11). Let c = -141 + g. What are the prime factors of c?
2, 3, 7, 13
Let t(v) = 23*v + 19. Suppose -8*d = -4*k - 3*d + 111, -5*d - 15 = 0. Let b be (6/7)/((k/(-28))/(-6)). List the prime factors of t(b).
157
Suppose -30899 - 53491 = -15*g. Suppose 5*r + 2011 = g. List the prime factors of r.
3, 241
Let c(w) = w**3 - 9*w**2 + 2*w + 28. Suppose 0 = 4*z - r - 23 - 22, -33 = -2*z - 3*r. List the prime factors of c(z).
2, 11
Let n be 120/(-100) + 1/5. What are the prime factors of n/((-3)/1878) + 4?
2, 3, 5, 7
Let z(f) = f**3 - 23*f**2 + 98*f + 20. List the prime factors of z(18).
2, 41
Suppose 7*j + s + 8580 = 130001, 0 = -2*j - 3*s + 34689. List the prime factors of j.
2, 3, 7, 59
Let y = 12734 + -7765. What are the prime factors of y?
4969
Suppose 113917 = 16*j + 28045. List the prime factors of j.
3, 1789
Let g(l) be the third derivative of l**6/120 - 11*l**5/60 + 31*l**4/24 - 19*l**3/3 + 17*l**2 + 1. What are the prime factors of g(11)?
3, 101
Let f be (82/9)/((-106)/(-477)). Suppose 56*b - f*b = 16980. What are the prime factors of b?
2, 283
Suppose 2*t = -3*r + 8166, 4*t - 4460 = 3*r + 11908. Let f = 6078 - t. What are the prime factors of f?
3, 13, 17
Let m = 42 - 61. Let k = -70 + m. Let p = k - -177. List the prime factors of p.
2, 11
Let h(n) = -8*n - 8. Let u be h(3). Let b = 26 + u. Let s(j) = -j**3 - 6*j**2 - 12*j + 7. List the prime factors of s(b).
79
Let l(y) = 26*y**2 + 5*y + 11. Let z be 148/20 - 12/30. Let o(m) = 79*m**2 + 14*m + 32. Let i(r) = z*l(r) - 2*o(r). What are the prime factors of i(-2)?
5, 19
Let f(z) = 27*z + 19. Let h(t) = 28*t + 20. Let n(y) = 4*f(y) - 3*h(y). Let g be (-4560)/(-532) - (-8)/(-14). What are the prime factors of n(g)?
2, 13
Suppose -17*x + 24*x = 147. Let b be (37*-2)/(x/14 - 2). Suppose -6*q - b = -10*q. List the prime factors of q.
37
Let h(u) be the first derivative of -u**6/60 - u**5/30 - u**4/8 - u**3/6 - u**2 + 3. Let f(y) be the second derivative of h(y). List the prime factors of f(-2).
13
Suppose 1 + 2 = -3*u, -21 = b + u. Let t be (-91)/4 - (-5)/b. What are the prime factors of (t/(-46))/((-2)/(-216))?
2, 3
Let p = -911 - -1373. What are the prime factors of (-25 - -5)/(-5) + p?
2, 233
Suppose 25782 = 410*d - 404*d. List the prime factors of d.
4297
Let n be (43 + -1)*9/(-9). Let k = n + 44. Let r(a) = 129*a - 3. List the prime factors of r(k).
3, 5, 17
Suppose -9*c + 5*c = 56. Let z be (-1 + 5)*((-63)/c + -4). Suppose 0 = z*p - 189 - 189. List the prime factors of p.
3, 7
Let t(b) = -b**3 - 4*b**2 - 3*b - 8. Let q be t(-4). Suppose q*x - 267 = 681. Suppose x = 2*o + o. What are the prime factors of o?
79
Let y(x) = -52*x**2 - 7*x + 14. Let i be y(5). Let s = -912 - i. What are the prime factors of s?
409
Suppose 394*p = 382*p + 148176. List the prime factors of p.
2, 3, 7
Let r = 19396 - 10556. What are the prime factors of r?
2, 5, 13, 17
Let v = -854 + 570. Let c = v + 98. Let w = 31 - c. List the prime factors of w.
7, 31
Let z(o) = 1. Let j(b) = -b**3 + 15*b**2 - 18*b + 1. Let n(p) = -j(p) - 2*z(p). Let c be (84/(-8))/((-3)/4). List the prime factors of n(c).
53
Suppose -4*k = 12*k + 13856. Let h = k - -1857. List the prime factors of h.
991
Suppose -2*p + w + 11501 = 0, -5*w = 77 - 62. What are the prime factors of p?
5749
Suppose -4*a + u = 3566 - 1235, 4*u - 2340 = 4*a. Let m = a - -1208. List the prime factors of m.
2, 313
Let c(j) = -198*j**2 + j - 4. Let d(m) = -m**2 + 1. Let n(y) = -c(y) - 4*d(y). Let a be n(-1). Let v = a + -57. What are the prime factors of v?
2, 73
Suppose 3*j - 23019 = -5*g, 55*g - 56*g = -5*j - 4615. List the prime factors of g.
3, 5, 307
Suppose 8*f - 85 - 163 = 0. Suppose 0 = -i - f + 162. List the prime factors of i.
131
Let r be 1/(-2) - (-26)/4. Let x be 4/r - (-745)/3. What are the prime factors of (-3 - (-40)/15)/((-1)/x)?
83
Suppose -3101 = -r - 3*k + 2079, 3*r - 15540 = -3*k. Suppose 49*y - 45*y - r = 0. Suppose -173*a + 168*a + y = 0. List the prime factors of a.
7, 37
Let b(m) = 9475*m**2 + 90*m + 194. What are the prime factors of b(-2)?
2, 3, 71, 89
Suppose -114*d - 313580 + 393933 = -993641. List the prime factors of d.
9421
Let q(i) = -i**3 + 18*i**2 + 14*i + 100. Let r be q(19). Suppose -2*k + 3536 = -3*o, -r*k + 8514 = -2*o - 337. List the prime factors of k.
7, 11, 23
Suppose -w - 68380 = -3*q, -18*w + 23*w = q - 22812. List the prime factors of q.
2, 7, 11, 37
Suppose 0 = z - 2, -7*z + 10*z - 26 = -4*x. Suppose 0 = x*v - w - 623 - 303, 4*v - 2*w = 736. What are the prime factors of v?
2, 3, 31
Suppose 5*x = -5*o - 10, 3 + 3 = -3*x - 2*o. Let w be 5598/36 - (-2 + (-5)/x). Let z = w + -64. What are the prime factors of z?
7, 13
Suppose -15*a + 28228 = -88127. What are the prime factors of a?
7757
Let z(v) = 9*v**3 - 8*v**2 - 48*v + 220. List the prime factors of z(7).
2579
Suppose -4*n + 5 = -2*n + 3*w, 1 = -2*n - 5*w. Suppose 6592 = 9*t + n*t. List the prime factors of t.
2, 103
Let c = -28 + 16. Let i(p) = -5*p**2 - 34*p - 2. Let o be i(c). Let g = -89 - o. List the prime factors of g.
3, 5
Let t = -4633 - -29454. What are the prime factors of t?
24821
Let r = 22337 - 10685. List the prime factors of r.
2, 3, 971
Let g(t) = -t**2 - 99*t - 730. What are the prime factors of g(-60)?
2, 5, 7, 23
Suppose -i - 2*i + 4*p + 1 = 0, 5*p = 5*i - 10. Let c(t) = 9*t - 11. Let r(z) = 19*z - 22. Let u(g) = 7*c(g) - 3*r(g). What are the prime factors of u(i)?
31
Let b(u) = -22971*u**3 + 10*u**2 - 10*u - 9. List the prime factors of b(-1).
2, 11491
Let b be (1188/(-12))/9 - -11. Let o = -74 + 230. Suppose -o = -4*i - b*i. What are the prime factors of i?
3, 13
List the prime factors of -1*(-5435 + -3) + 180/(-18).
2, 23, 59
Let l = 187 - -168. Suppose 5*y = -2*r - l + 1515, 3*y + 4*r = 696. What are the prime factors of y?
2, 29
Let q(y) = -14*y - 140. Let b be q(-10). Suppose b = n - 95 - 289. What are the prime factors of n?
2, 3
List the prime factors of (-296)/12*2/(10/26145*-3).
2, 7, 37, 83
Let t(y) = y**2 + y. Let q(w) = -6*w**3 - 3*w**2 + 8*w + 3. Let n(o) = -q(o) - 6*t(o). List the prime factors of n(5).
2, 7, 43
Let r(u) = 15*u**3 + 6*u**2 - 27*u + 4. Suppose -3*a + 32 = 5*i, 16 = 5*a + 25*i - 26*i. List the prime factors of r(a).
2, 7, 17
Let q be (4/(-6))/(20/(-50400)). Suppose 0 = -3*p - p - q. What are the prime factors of (6/9)/((-5)/p)?
2, 7
List the prime factors of 3051653/66 - 19/114.
46237
Let s be 9/(81/(-30))*(-5 + 2). Let c(r) = 45*r - 94. List the prime factors of c(s).
2, 89
Let g = 80 + -79. List the prime factors of ((-57)/(-9) - g)*(-1311)/(-38).
2, 23
Let r = 12081 + -5894. List the prime factors of r.
23, 269
Let r(c) = -24 - 7*c - 3*c + 8*c. Let n be r(-13). Suppose z - n*d + 2 = 0, -6*d + 4 = 5*z - 9*d. List the prime factors of z.
2
Let d = 11764 + -8361. What are the prime factors of d?
41, 83
Let u = -166 + 278. Suppose -192 - u = -4*b. Suppose -b = 5*o - 356. List the prime factors of o.
2, 7
Let h(d) = 206*d**2 - 3. Let n = 193 - 195. List the prime factors of h(n).
821
Let g = 13981 + 24243. What are the prime factors of g?
2, 2389
Suppose 4*q + 4*v - 1132 = 204, q - 3*v = 334. Let a = -2362 + 2170. Let m = q + a. List the prime factors of m.
2, 71
Let q(y) = -4*y + 61. Let c be q(9). What are the prime factors of (1195/c - -1)/((-1)/(-5))?
2, 61
Suppose -3*l + 3*z = -435, -l + 68 + 65 = 3*z. Suppose 5*i - l + 32 = -5*y, 0 = 3*y - 4*i - 73. List the prime factors of y.
23
Let a(k) = 13*k - 120. Let x be a(9). List the prime factors of 12729/15 - x/